ndreds digit of 595?
5
What is the units digit of 14645?
5
What is the hundreds digit of 13211?
2
What is the tens digit of 15060?
6
What is the units digit of 648?
8
What is the tens digit of 8325?
2
What is the thousands digit of 1864?
1
What is the hundreds digit of 7858?
8
What is the thousands digit of 3492?
3
What is the thousands digit of 37066?
7
What is the tens digit of 1697?
9
What is the hundreds digit of 117175?
1
What is the thousands digit of 37479?
7
What is the thousands digit of 21187?
1
What is the tens digit of 896?
9
What is the thousands digit of 14264?
4
What is the ten thousands digit of 146191?
4
What is the tens digit of 43695?
9
What is the ten thousands digit of 63987?
6
What is the tens digit of 122968?
6
What is the ten thousands digit of 16878?
1
What is the hundreds digit of 9387?
3
What is the units digit of 196?
6
What is the thousands digit of 55430?
5
What is the tens digit of 4809?
0
What is the hundreds digit of 27798?
7
What is the tens digit of 2382?
8
What is the units digit of 38604?
4
What is the units digit of 867?
7
What is the hundreds digit of 61257?
2
What is the tens digit of 193?
9
What is the tens digit of 11189?
8
What is the hundreds digit of 1561?
5
What is the hundreds digit of 15899?
8
What is the units digit of 10954?
4
What is the tens digit of 4836?
3
What is the hundreds digit of 68196?
1
What is the tens digit of 2003?
0
What is the tens digit of 843?
4
What is the tens digit of 1254?
5
What is the hundreds digit of 80459?
4
What is the thousands digit of 18042?
8
What is the hundreds digit of 15014?
0
What is the tens digit of 811?
1
What is the thousands digit of 5241?
5
What is the units digit of 7108?
8
What is the thousands digit of 9733?
9
What is the units digit of 8761?
1
What is the hundreds digit of 27515?
5
What is the tens digit of 10242?
4
What is the thousands digit of 6175?
6
What is the hundreds digit of 34206?
2
What is the hundreds digit of 669?
6
What is the tens digit of 872?
7
What is the units digit of 862?
2
What is the tens digit of 16140?
4
What is the units digit of 621?
1
What is the hundreds digit of 114?
1
What is the ten thousands digit of 11561?
1
What is the tens digit of 7402?
0
What is the units digit of 801?
1
What is the hundreds digit of 475?
4
What is the tens digit of 7571?
7
What is the thousands digit of 2719?
2
What is the hundreds digit of 510?
5
What is the tens digit of 593?
9
What is the units digit of 153339?
9
What is the thousands digit of 1393?
1
What is the units digit of 55861?
1
What is the hundreds digit of 3345?
3
What is the hundreds digit of 7887?
8
What is the hundreds digit of 8071?
0
What is the ten thousands digit of 11956?
1
What is the tens digit of 860?
6
What is the hundreds digit of 181058?
0
What is the thousands digit of 2483?
2
What is the thousands digit of 1478?
1
What is the tens digit of 4470?
7
What is the hundreds digit of 10981?
9
What is the tens digit of 6637?
3
What is the hundreds digit of 958?
9
What is the units digit of 663?
3
What is the hundreds digit of 64589?
5
What is the tens digit of 626?
2
What is the units digit of 23477?
7
What is the thousands digit of 35021?
5
What is the ten thousands digit of 18168?
1
What is the hundreds digit of 218?
2
What is the units digit of 16?
6
What is the hundreds digit of 960?
9
What is the units digit of 9798?
8
What is the units digit of 5185?
5
What is the tens digit of 1706?
0
What is the hundreds digit of 6562?
5
What is the hundreds digit of 5004?
0
What is the tens digit of 28690?
9
What is the tens digit of 2508?
0
What is the ten thousands digit of 16989?
1
What is the hundreds digit of 2886?
8
What is the thousands digit of 29252?
9
What is the hundreds digit of 4141?
1
What is the units digit of 3300?
0
What is the units digit of 2883?
3
What is the thousands digit of 1832?
1
What is the ten thousands digit of 34838?
3
What is the hundreds digit of 10851?
8
What is the tens digit of 14822?
2
What is the hundreds digit of 8820?
8
What is the thousands digit of 6983?
6
What is the thousands digit of 1338?
1
What is the hundreds digit of 5332?
3
What is the units digit of 692?
2
What is the tens digit of 831?
3
What is the hundreds digit of 4003?
0
What is the thousands digit of 18067?
8
What is the tens digit of 849?
4
What is the tens digit of 506?
0
What is the units digit of 289?
9
What is the thousands digit of 5083?
5
What is the hundreds digit of 1144?
1
What is the units digit of 18478?
8
What is the tens digit of 17457?
5
What is the tens digit of 1397?
9
What is the hundreds digit of 22049?
0
What is the ten thousands digit of 28416?
2
What is the hundreds digit of 3542?
5
What is the thousands digit of 2980?
2
What is the hundreds digit of 703?
7
What is the hundreds digit of 14930?
9
What is the thousands digit of 13320?
3
What is the tens digit of 7398?
9
What is the units digit of 2445?
5
What is the units digit of 515?
5
What is the tens digit of 1701?
0
What is the ten thousands digit of 113182?
1
What is the thousands digit of 8902?
8
What is the units digit of 22894?
4
What is the tens digit of 678?
7
What is the thousands digit of 12695?
2
What is the ten thousands digit of 94392?
9
What is the hundreds digit of 1997?
9
What is the hundreds digit of 4324?
3
What is the units digit of 140?
0
What is the tens digit of 64908?
0
What is the tens digit of 10891?
9
What is the tens digit of 4376?
7
What is the hundreds digit of 12056?
0
What is the units digit of 20186?
6
What is the tens digit of 1123?
2
What is the tens digit of 51929?
2
What is the hundreds digit of 273?
2
What is the units digit of 856?
6
What is the units digit of 16710?
0
What is the hundreds digit of 1613?
6
What is the hundreds digit of 679?
6
What is the tens digit of 271?
7
What is the hundreds digit of 5350?
3
What is the thousands digit of 135902?
5
What is the tens digit of 20803?
0
What is the units digit of 893?
3
What is the units digit of 546?
6
What is the thousands digit of 6624?
6
What is the units digit of 3539?
9
What is the thousands digit of 1377?
1
What is the units digit of 2516?
6
What is the units digit of 1711?
1
What is the tens digit of 28372?
7
What is the thousands digit of 5347?
5
What is the thousands digit of 2082?
2
What is the units digit of 1254?
4
What is the hundreds digit of 2038?
0
What is the units digit of 2208?
8
What is the tens digit of 1791?
9
What is the tens digit of 7846?
4
What is the hundreds digit of 2915?
9
What is the hundreds digit of 988?
9
What is the units digit of 789?
9
What is the thousands digit of 21815?
1
What is the ten thousands digit of 31397?
3
What is the hundreds digit of 17620?
6
What is the hundreds digit of 887?
8
What is the thousands digit of 20118?
0
What is the units digit of 27976?
6
What is the units digit of 38284?
4
What is the tens digit of 803?
0
What is the units digit of 3628?
8
What is the hundreds digit of 7565?
5
What is the thousands digit of 5866?
5
What is the thousands digit of 1710?
1
What is the tens digit of 32001?
0
What is the ten thousands digit of 108137?
0
What is the tens digit of 7167?
6
What is the tens digit of 719?
1
What is the tens digit of 4918?
1
What is the hundreds digit of 71122?
1
What is the units digit of 3418?
8
What is the tens digit of 758?
5
What is the thousands digit of 1176?
1
What is the tens digit of 1150?
5
What is the units digit of 5376?
6
What is the units digit of 11410?
0
What is the thousands digit of 130376?
0
What is the units digit of 24662?
2
What is the units digit of 1093?
3
What is the units digit of 612?
2
What is the units digit of 109024?
4
What is the units digit of 17630?
0
What is the units digit of 700?
0
What is the tens digit of 3876?
7
What is the ten thousands digit of 13402?
1
What is the units digit of 570?
0
What is the thousands digit of 1912?
1
What is the units digit of 8873?
3
What is the tens digit of 3012?
1
What is the tens digit of 650?
5
What is the units digit of 47772?
2
What is the tens digit of 1677?
7
What is the hundreds digit of 1657?
6
What is the thousands digit of 1282?
1
What is the thousands digit of 2722?
2
What is the units digit of 25355?
5
What is the hundreds digit of 12988?
9
What is the te